[INFO] cloning repository https://github.com/zTgx/note_blog
[INFO] running `Command { std: "git" "-c" "credential.helper=" "-c" "credential.helper=/workspace/cargo-home/bin/git-credential-null" "clone" "--bare" "https://github.com/zTgx/note_blog" "/workspace/cache/git-repos/https%3A%2F%2Fgithub.com%2FzTgx%2Fnote_blog", kill_on_drop: false }`
[INFO] [stderr] Cloning into bare repository '/workspace/cache/git-repos/https%3A%2F%2Fgithub.com%2FzTgx%2Fnote_blog'...
[INFO] running `Command { std: "git" "rev-parse" "HEAD", kill_on_drop: false }`
[INFO] [stdout] f5fdf05be7e16887bbc72191d1e2995ab28a291e
[INFO] checking zTgx/note_blog against master#cfbc6d4cf1acbac5c025acf8ed68929caa551df3 for pr-75494-beta
[INFO] running `Command { std: "git" "clone" "/workspace/cache/git-repos/https%3A%2F%2Fgithub.com%2FzTgx%2Fnote_blog" "/workspace/builds/worker-6/source", kill_on_drop: false }`
[INFO] [stderr] Cloning into '/workspace/builds/worker-6/source'...
[INFO] [stderr] done.
[INFO] validating manifest of git repo https://github.com/zTgx/note_blog on toolchain cfbc6d4cf1acbac5c025acf8ed68929caa551df3
[INFO] running `Command { std: "/workspace/cargo-home/bin/cargo" "+cfbc6d4cf1acbac5c025acf8ed68929caa551df3" "read-manifest" "--manifest-path" "Cargo.toml", kill_on_drop: false }`
[INFO] started tweaking git repo https://github.com/zTgx/note_blog
[INFO] removed path dependency hyper from git repo https://github.com/zTgx/note_blog
[INFO] removed path dependency tera from git repo https://github.com/zTgx/note_blog
[INFO] finished tweaking git repo https://github.com/zTgx/note_blog
[INFO] tweaked toml for git repo https://github.com/zTgx/note_blog written to /workspace/builds/worker-6/source/Cargo.toml
[INFO] crate git repo https://github.com/zTgx/note_blog already has a lockfile, it will not be regenerated
[INFO] running `Command { std: "/workspace/cargo-home/bin/cargo" "+cfbc6d4cf1acbac5c025acf8ed68929caa551df3" "fetch" "--locked" "--manifest-path" "Cargo.toml", kill_on_drop: false }`
[INFO] [stderr] warning: dependency (hyper) specified without providing a local path, Git repository, or version to use. This will be considered an error in future versions
[INFO] [stderr] warning: dependency (tera) specified without providing a local path, Git repository, or version to use. This will be considered an error in future versions
[INFO] [stderr]     Updating crates.io index
[INFO] [stderr] error: the lock file /workspace/builds/worker-6/source/Cargo.lock needs to be updated but --locked was passed to prevent this
[INFO] [stderr] If you want to try to generate the lock file without accessing the network, use the --offline flag.
[INFO] the lockfile is outdated, regenerating it
[INFO] running `Command { std: "/workspace/cargo-home/bin/cargo" "+cfbc6d4cf1acbac5c025acf8ed68929caa551df3" "generate-lockfile" "--manifest-path" "Cargo.toml" "-Zno-index-update", kill_on_drop: false }`
[INFO] running `Command { std: "/workspace/cargo-home/bin/cargo" "+cfbc6d4cf1acbac5c025acf8ed68929caa551df3" "fetch" "--locked" "--manifest-path" "Cargo.toml", kill_on_drop: false }`
[INFO] [stderr] warning: dependency (hyper) specified without providing a local path, Git repository, or version to use. This will be considered an error in future versions
[INFO] [stderr] warning: dependency (tera) specified without providing a local path, Git repository, or version to use. This will be considered an error in future versions
[INFO] [stderr]  Downloading crates ...
[INFO] [stderr]   Downloaded postgres v0.15.2
[INFO] [stderr]   Downloaded try-lock v0.2.3
[INFO] [stderr]   Downloaded slug v0.1.4
[INFO] [stderr]   Downloaded humansize v1.1.0
[INFO] [stderr]   Downloaded postgres-protocol v0.3.2
[INFO] [stderr]   Downloaded ppv-lite86 v0.2.9
[INFO] [stderr]   Downloaded globset v0.4.5
[INFO] [stderr]   Downloaded ignore v0.4.16
[INFO] [stderr]   Downloaded fallible-iterator v0.1.6
[INFO] [stderr]   Downloaded unic-char-property v0.9.0
[INFO] [stderr]   Downloaded unic-ucd-segment v0.9.0
[INFO] [stderr]   Downloaded unic-common v0.9.0
[INFO] [stderr]   Downloaded unic-char-range v0.9.0
[INFO] [stderr]   Downloaded globwalk v0.8.0
[INFO] [stderr]   Downloaded parse-zoneinfo v0.3.0
[INFO] [stderr]   Downloaded postgres-shared v0.4.2
[INFO] [stderr]   Downloaded hex v0.2.0
[INFO] [stderr]   Downloaded chrono-tz v0.5.2
[INFO] [stderr]   Downloaded tracing-core v0.1.15
[INFO] [stderr]   Downloaded unic-ucd-version v0.9.0
[INFO] [stderr]   Downloaded deunicode v0.4.3
[INFO] [stderr]   Downloaded hyper v0.13.7
[INFO] [stderr]   Downloaded bstr v0.2.13
[INFO] [stderr]   Downloaded tera v1.5.0
[INFO] [stderr]   Downloaded unic-segment v0.9.0
[INFO] running `Command { std: "docker" "create" "-v" "/var/lib/crater-agent-workspace/builds/worker-6/target:/opt/rustwide/target:rw,Z" "-v" "/var/lib/crater-agent-workspace/builds/worker-6/source:/opt/rustwide/workdir:ro,Z" "-v" "/var/lib/crater-agent-workspace/cargo-home:/opt/rustwide/cargo-home:ro,Z" "-v" "/var/lib/crater-agent-workspace/rustup-home:/opt/rustwide/rustup-home:ro,Z" "-e" "SOURCE_DIR=/opt/rustwide/workdir" "-e" "CARGO_TARGET_DIR=/opt/rustwide/target" "-e" "CARGO_HOME=/opt/rustwide/cargo-home" "-e" "RUSTUP_HOME=/opt/rustwide/rustup-home" "-w" "/opt/rustwide/workdir" "-m" "1610612736" "--user" "0:0" "--network" "none" "rustops/crates-build-env@sha256:a636fd89d022f18117e1dc8fb37a0a009933cdbbe082814857f0e2024962d47c" "/opt/rustwide/cargo-home/bin/cargo" "+cfbc6d4cf1acbac5c025acf8ed68929caa551df3" "metadata" "--no-deps" "--format-version=1", kill_on_drop: false }`
[INFO] [stderr] WARNING: Your kernel does not support swap limit capabilities or the cgroup is not mounted. Memory limited without swap.
[INFO] [stdout] ea8e0d6d3b322eef5dc3e755c358060b0760de841985d82ba3b2592ed5150763
[INFO] running `Command { std: "docker" "start" "-a" "ea8e0d6d3b322eef5dc3e755c358060b0760de841985d82ba3b2592ed5150763", kill_on_drop: false }`
[INFO] running `Command { std: "docker" "inspect" "ea8e0d6d3b322eef5dc3e755c358060b0760de841985d82ba3b2592ed5150763", kill_on_drop: false }`
[INFO] running `Command { std: "docker" "rm" "-f" "ea8e0d6d3b322eef5dc3e755c358060b0760de841985d82ba3b2592ed5150763", kill_on_drop: false }`
[INFO] [stdout] ea8e0d6d3b322eef5dc3e755c358060b0760de841985d82ba3b2592ed5150763
[INFO] running `Command { std: "docker" "create" "-v" "/var/lib/crater-agent-workspace/builds/worker-6/target:/opt/rustwide/target:rw,Z" "-v" "/var/lib/crater-agent-workspace/builds/worker-6/source:/opt/rustwide/workdir:ro,Z" "-v" "/var/lib/crater-agent-workspace/cargo-home:/opt/rustwide/cargo-home:ro,Z" "-v" "/var/lib/crater-agent-workspace/rustup-home:/opt/rustwide/rustup-home:ro,Z" "-e" "SOURCE_DIR=/opt/rustwide/workdir" "-e" "CARGO_TARGET_DIR=/opt/rustwide/target" "-e" "CARGO_INCREMENTAL=0" "-e" "RUST_BACKTRACE=full" "-e" "RUSTFLAGS=--cap-lints=forbid" "-e" "CARGO_HOME=/opt/rustwide/cargo-home" "-e" "RUSTUP_HOME=/opt/rustwide/rustup-home" "-w" "/opt/rustwide/workdir" "-m" "1610612736" "--user" "0:0" "--network" "none" "rustops/crates-build-env@sha256:a636fd89d022f18117e1dc8fb37a0a009933cdbbe082814857f0e2024962d47c" "/opt/rustwide/cargo-home/bin/cargo" "+cfbc6d4cf1acbac5c025acf8ed68929caa551df3" "check" "--frozen" "--all" "--all-targets" "--message-format=json", kill_on_drop: false }`
[INFO] [stdout] 4aa521fe934430421b56b46d23faa5d1b6f90a1282a17e5f6659e4970cc4e90e
[INFO] [stderr] WARNING: Your kernel does not support swap limit capabilities or the cgroup is not mounted. Memory limited without swap.
[INFO] running `Command { std: "docker" "start" "-a" "4aa521fe934430421b56b46d23faa5d1b6f90a1282a17e5f6659e4970cc4e90e", kill_on_drop: false }`
[INFO] [stderr] warning: dependency (hyper) specified without providing a local path, Git repository, or version to use. This will be considered an error in future versions
[INFO] [stderr] warning: dependency (tera) specified without providing a local path, Git repository, or version to use. This will be considered an error in future versions
[INFO] [stderr]    Compiling libc v0.2.76
[INFO] [stderr]     Checking cfg-if v0.1.10
[INFO] [stderr]    Compiling log v0.4.11
[INFO] [stderr]     Checking lazy_static v1.4.0
[INFO] [stderr]    Compiling proc-macro2 v1.0.19
[INFO] [stderr]     Checking fnv v1.0.7
[INFO] [stderr]    Compiling syn v1.0.39
[INFO] [stderr]     Checking matches v0.1.8
[INFO] [stderr]     Checking itoa v0.4.6
[INFO] [stderr]    Compiling pin-project-internal v0.4.23
[INFO] [stderr]     Checking futures-core v0.3.5
[INFO] [stderr]     Checking byte-tools v0.2.0
[INFO] [stderr]    Compiling ucd-trie v0.1.3
[INFO] [stderr]     Checking slab v0.4.2
[INFO] [stderr]    Compiling bitflags v1.2.1
[INFO] [stderr]     Checking unic-char-range v0.9.0
[INFO] [stderr]     Checking siphasher v0.2.3
[INFO] [stderr]     Checking unic-common v0.9.0
[INFO] [stderr]     Checking safemem v0.2.0
[INFO] [stderr]    Compiling maplit v1.0.2
[INFO] [stderr]     Checking futures-sink v0.3.5
[INFO] [stderr]     Checking futures-task v0.3.5
[INFO] [stderr]     Checking fallible-iterator v0.1.6
[INFO] [stderr]     Checking pin-utils v0.1.0
[INFO] [stderr]     Checking try-lock v0.2.3
[INFO] [stderr]     Checking hex v0.2.0
[INFO] [stderr]     Checking deunicode v0.4.3
[INFO] [stderr]     Checking percent-encoding v1.0.1
[INFO] [stderr]     Checking tower-service v0.3.0
[INFO] [stderr]    Compiling num-traits v0.2.12
[INFO] [stderr]    Compiling num-integer v0.1.43
[INFO] [stderr]    Compiling crossbeam-utils v0.7.2
[INFO] [stderr]    Compiling hashbrown v0.8.2
[INFO] [stderr]    Compiling indexmap v1.5.1
[INFO] [stderr]    Compiling thread_local v1.0.1
[INFO] [stderr]     Checking tracing-core v0.1.15
[INFO] [stderr]     Checking unicode-bidi v0.3.4
[INFO] [stderr]     Checking futures-channel v0.3.5
[INFO] [stderr]     Checking unic-char-property v0.9.0
[INFO] [stderr]     Checking http v0.2.1
[INFO] [stderr]     Checking block-buffer v0.3.3
[INFO] [stderr]    Compiling pest v2.1.3
[INFO] [stderr]     Checking unic-ucd-version v0.9.0
[INFO] [stderr]     Checking phf_shared v0.7.24
[INFO] [stderr]    Compiling memchr v2.3.3
[INFO] [stderr]     Checking slug v0.1.4
[INFO] [stderr]     Checking serde v1.0.115
[INFO] [stderr]     Checking unic-ucd-segment v0.9.0
[INFO] [stderr]     Checking bstr v0.2.13
[INFO] [stderr]     Checking generic-array v0.9.0
[INFO] [stderr]     Checking base64 v0.6.0
[INFO] [stderr]     Checking phf v0.7.24
[INFO] [stderr]     Checking regex v1.3.9
[INFO] [stderr]     Checking stringprep v0.1.2
[INFO] [stderr]     Checking idna v0.1.5
[INFO] [stderr]     Checking tracing v0.1.19
[INFO] [stderr]     Checking want v0.3.0
[INFO] [stderr]     Checking digest v0.7.6
[INFO] [stderr]     Checking crypto-mac v0.5.2
[INFO] [stderr]    Compiling aho-corasick v0.7.13
[INFO] [stderr]     Checking unic-segment v0.9.0
[INFO] [stderr]     Checking url v1.7.2
[INFO] [stderr]     Checking hmac v0.5.0
[INFO] [stderr]     Checking sha2 v0.7.1
[INFO] [stderr]     Checking iovec v0.1.4
[INFO] [stderr]     Checking net2 v0.2.34
[INFO] [stderr]     Checking getrandom v0.1.14
[INFO] [stderr]     Checking rand v0.4.6
[INFO] [stderr]     Checking time v0.1.43
[INFO] [stderr]     Checking memchr v1.0.2
[INFO] [stderr]     Checking socket2 v0.3.12
[INFO] [stderr]     Checking bytes v0.4.12
[INFO] [stderr]    Compiling quote v1.0.7
[INFO] [stderr]     Checking rand_core v0.5.1
[INFO] [stderr]     Checking mio v0.6.22
[INFO] [stderr]    Compiling pest_meta v2.1.3
[INFO] [stderr]     Checking chrono v0.4.15
[INFO] [stderr]     Checking globset v0.4.5
[INFO] [stderr]     Checking rand_chacha v0.2.2
[INFO] [stderr]     Checking rand v0.3.23
[INFO] [stderr]     Checking postgres-protocol v0.3.2
[INFO] [stderr]     Checking rand v0.7.3
[INFO] [stderr]     Checking ignore v0.4.16
[INFO] [stderr]     Checking tokio v0.2.22
[INFO] [stderr]     Checking http-body v0.3.1
[INFO] [stderr]     Checking postgres-shared v0.4.2
[INFO] [stderr]     Checking serde_json v1.0.57
[INFO] [stderr]     Checking globwalk v0.8.0
[INFO] [stderr]     Checking postgres v0.15.2
[INFO] [stderr]    Compiling parse-zoneinfo v0.3.0
[INFO] [stderr]    Compiling chrono-tz v0.5.2
[INFO] [stderr]     Checking tokio-util v0.3.1
[INFO] [stderr]    Compiling pest_generator v2.1.3
[INFO] [stderr]    Compiling pest_derive v2.1.0
[INFO] [stderr]     Checking pin-project v0.4.23
[INFO] [stderr]     Checking futures-util v0.3.5
[INFO] [stderr]     Checking h2 v0.2.6
[INFO] [stderr]     Checking tera v1.5.0
[INFO] [stderr]     Checking hyper v0.13.7
[INFO] [stderr]     Checking website v0.1.0 (/opt/rustwide/workdir)
[INFO] [stdout] error[E0432]: unresolved import `hyper::rt::Future`
[INFO] [stdout]  --> src/main.rs:4:5
[INFO] [stdout]   |
[INFO] [stdout] 4 | use hyper::rt::Future;
[INFO] [stdout]   |     ^^^^^^^^^^^^^^^^^ no `Future` in `rt`
[INFO] [stdout] 
[INFO] [stdout] 
[INFO] [stdout] error: cannot find macro `compile_templates` in this scope
[INFO] [stdout]   --> src/main.rs:27:24
[INFO] [stdout]    |
[INFO] [stdout] 27 |         let mut tera = compile_templates!("templates/**/*");
[INFO] [stdout]    |                        ^^^^^^^^^^^^^^^^^
[INFO] [stdout] 
[INFO] [stdout] 
[INFO] [stdout] error[E0425]: cannot find function `run` in module `hyper::rt`
[INFO] [stdout]    --> src/main.rs:118:16
[INFO] [stdout]     |
[INFO] [stdout] 118 |     hyper::rt::run(server);
[INFO] [stdout]     |                ^^^ not found in `hyper::rt`
[INFO] [stdout]     |
[INFO] [stdout] help: consider importing this function
[INFO] [stdout]     |
[INFO] [stdout] 3   | use future::fmt::run;
[INFO] [stdout]     |
[INFO] [stdout] 
[INFO] [stdout] 
[INFO] [stdout] error: aborting due to 3 previous errors
[INFO] [stdout] 
[INFO] [stdout] 
[INFO] [stdout] Some errors have detailed explanations: E0425, E0432.
[INFO] [stdout] 
[INFO] [stdout] For more information about an error, try `rustc --explain E0425`.
[INFO] [stdout] 
[INFO] [stderr] error: could not compile `website`.
[INFO] [stderr] 
[INFO] [stderr] To learn more, run the command again with --verbose.
[INFO] [stderr] warning: build failed, waiting for other jobs to finish...
[INFO] [stdout] error[E0432]: unresolved import `hyper::rt::Future`
[INFO] [stdout]  --> src/main.rs:4:5
[INFO] [stdout]   |
[INFO] [stdout] 4 | use hyper::rt::Future;
[INFO] [stdout]   |     ^^^^^^^^^^^^^^^^^ no `Future` in `rt`
[INFO] [stdout] 
[INFO] [stdout] 
[INFO] [stdout] error: cannot find macro `compile_templates` in this scope
[INFO] [stdout]   --> src/main.rs:27:24
[INFO] [stdout]    |
[INFO] [stdout] 27 |         let mut tera = compile_templates!("templates/**/*");
[INFO] [stdout]    |                        ^^^^^^^^^^^^^^^^^
[INFO] [stdout] 
[INFO] [stdout] 
[INFO] [stdout] error[E0425]: cannot find function `run` in module `hyper::rt`
[INFO] [stdout]    --> src/main.rs:118:16
[INFO] [stdout]     |
[INFO] [stdout] 118 |     hyper::rt::run(server);
[INFO] [stdout]     |                ^^^ not found in `hyper::rt`
[INFO] [stdout]     |
[INFO] [stdout] help: consider importing this function
[INFO] [stdout]     |
[INFO] [stdout] 3   | use future::fmt::run;
[INFO] [stdout]     |
[INFO] [stdout] 
[INFO] [stdout] 
[INFO] [stdout] error: aborting due to 3 previous errors
[INFO] [stdout] 
[INFO] [stdout] 
[INFO] [stdout] Some errors have detailed explanations: E0425, E0432.
[INFO] [stdout] 
[INFO] [stdout] For more information about an error, try `rustc --explain E0425`.
[INFO] [stdout] 
[INFO] [stderr] error: build failed
[INFO] running `Command { std: "docker" "inspect" "4aa521fe934430421b56b46d23faa5d1b6f90a1282a17e5f6659e4970cc4e90e", kill_on_drop: false }`
[INFO] running `Command { std: "docker" "rm" "-f" "4aa521fe934430421b56b46d23faa5d1b6f90a1282a17e5f6659e4970cc4e90e", kill_on_drop: false }`
[INFO] [stdout] 4aa521fe934430421b56b46d23faa5d1b6f90a1282a17e5f6659e4970cc4e90e
